nder when 231 is divided by 25?
6
What is the remainder when 361 is divided by 140?
81
Calculate the remainder when 904 is divided by 299.
7
What is the remainder when 177 is divided by 91?
86
What is the remainder when 905 is divided by 85?
55
Calculate the remainder when 250 is divided by 207.
43
What is the remainder when 2690 is divided by 49?
44
What is the remainder when 118 is divided by 60?
58
What is the remainder when 671 is divided by 25?
21
What is the remainder when 954 is divided by 869?
85
Calculate the remainder when 5 is divided by 3.
2
What is the remainder when 87 is divided by 57?
30
Calculate the remainder when 675 is divided by 59.
26
Calculate the remainder when 938 is divided by 11.
3
Calculate the remainder when 178 is divided by 45.
43
Calculate the remainder when 391 is divided by 38.
11
What is the remainder when 185 is divided by 38?
33
What is the remainder when 519 is divided by 258?
3
Calculate the remainder when 647 is divided by 35.
17
What is the remainder when 194 is divided by 162?
32
What is the remainder when 167 is divided by 69?
29
Calculate the remainder when 1078 is divided by 47.
44
What is the remainder when 369 is divided by 64?
49
What is the remainder when 117 is divided by 25?
17
Calculate the remainder when 352 is divided by 139.
74
Calculate the remainder when 58 is divided by 15.
13
Calculate the remainder when 799 is divided by 100.
99
What is the remainder when 589 is divided by 74?
71
Calculate the remainder when 67 is divided by 15.
7
Calculate the remainder when 4503 is divided by 122.
111
What is the remainder when 76 is divided by 13?
11
Calculate the remainder when 123 is divided by 63.
60
What is the remainder when 668 is divided by 12?
8
Calculate the remainder when 226 is divided by 54.
10
What is the remainder when 330 is divided by 142?
46
Calculate the remainder when 75 is divided by 39.
36
What is the remainder when 55 is divided by 29?
26
Calculate the remainder when 154 is divided by 47.
13
Calculate the remainder when 957 is divided by 60.
57
What is the remainder when 291 is divided by 49?
46
Calculate the remainder when 27266 is divided by 34.
32
Calculate the remainder when 273 is divided by 135.
3
Calculate the remainder when 669 is divided by 209.
42
Calculate the remainder when 6926 is divided by 11.
7
Calculate the remainder when 2191 is divided by 146.
1
Calculate the remainder when 1061 is divided by 12.
5
What is the remainder when 258 is divided by 7?
6
Calculate the remainder when 49 is divided by 29.
20
Calculate the remainder when 14 is divided by 3.
2
What is the remainder when 106 is divided by 27?
25
What is the remainder when 2575 is divided by 112?
111
What is the remainder when 1297 is divided by 183?
16
Calculate the remainder when 1423 is divided by 5.
3
What is the remainder when 131 is divided by 44?
43
What is the remainder when 1854 is divided by 116?
114
What is the remainder when 159 is divided by 70?
19
What is the remainder when 208 is divided by 18?
10
Calculate the remainder when 275 is divided by 85.
20
What is the remainder when 118 is divided by 42?
34
Calculate the remainder when 373 is divided by 18.
13
What is the remainder when 49 is divided by 40?
9
What is the remainder when 388 is divided by 8?
4
Calculate the remainder when 117 is divided by 30.
27
Calculate the remainder when 76 is divided by 9.
4
What is the remainder when 60 is divided by 30?
0
What is the remainder when 860 is divided by 54?
50
What is the remainder when 2519 is divided by 56?
55
What is the remainder when 140 is divided by 77?
63
What is the remainder when 214 is divided by 71?
1
What is the remainder when 91 is divided by 88?
3
What is the remainder when 6110 is divided by 90?
80
Calculate the remainder when 1989 is divided by 95.
89
What is the remainder when 404 is divided by 98?
12
What is the remainder when 3952 is divided by 657?
10
Calculate the remainder when 384 is divided by 14.
6
What is the remainder when 2431 is divided by 38?
37
Calculate the remainder when 114 is divided by 43.
28
Calculate the remainder when 53281 is divided by 14.
11
What is the remainder when 132 is divided by 30?
12
Calculate the remainder when 441 is divided by 53.
17
What is the remainder when 553 is divided by 254?
45
Calculate the remainder when 1215 is divided by 47.
40
Calculate the remainder when 1453 is divided by 32.
13
What is the remainder when 34797 is divided by 274?
273
What is the remainder when 33997 is divided by 10?
7
What is the remainder when 342 is divided by 109?
15
Calculate the remainder when 1909 is divided by 5.
4
Calculate the remainder when 414 is divided by 33.
18
Calculate the remainder when 26 is divided by 12.
2
What is the remainder when 107 is divided by 10?
7
What is the remainder when 303 is divided by 54?
33
What is the remainder when 106 is divided by 52?
2
What is the remainder when 483 is divided by 102?
75
What is the remainder when 1680 is divided by 99?
96
Calculate the remainder when 117 is divided by 24.
21
Calculate the remainder when 16277 is divided by 37.
34
What is the remainder when 14 is divided by 2?
0
What is the remainder when 297 is divided by 60?
57
Calculate the remainder when 5373 is divided by 84.
81
What is the remainder when 230 is divided by 70?
20
What is the remainder when 1148 is divided by 360?
68
Calculate the remainder when 243 is divided by 73.
24
What is the remainder when 1534 is divided by 721?
92
Calculate the remainder when 152 is divided by 8.
0
Calculate the remainder when 231 is divided by 110.
11
Calculate the remainder when 536 is divided by 108.
104
What is the remainder when 590 is divided by 17?
12
What is the remainder when 215 is divided by 23?
8
What is the remainder when 2814 is divided by 88?
86
What is the remainder when 166 is divided by 37?
18
Calculate the remainder when 586 is divided by 121.
102
Calculate the remainder when 104 is divided by 37.
30
What is the remainder when 2769 is divided by 47?
43
What is the remainder when 206 is divided by 50?
6
What is the remainder when 1766 is divided by 13?
11
Calculate the remainder when 655 is divided by 7.
4
What is the remainder when 15985 is divided by 5324?
13
Calculate the remainder when 43 is divided by 21.
1
What is the remainder when 330 is divided by 126?
78
Calculate the remainder when 638 is divided by 71.
70
What is the remainder when 885 is divided by 100?
85
What is the remainder when 4781 is divided by 104?
101
What is the remainder when 11929 is divided by 41?
39
What is the remainder when 28 is divided by 6?
4
Calculate the remainder when 157 is divided by 83.
74
What is the remainder when 1886 is divided by 315?
311
What is the remainder when 206 is divided by 109?
97
What is the remainder when 104 is divided by 93?
11
Calculate the remainder when 239 is divided by 13.
5
What is the remainder when 182 is divided by 19?
11
What is the remainder when 179 is divided by 26?
23
Calculate the remainder when 3505 is divided by 7.
5
Calculate the remainder when 115 is divided by 42.
31
Calculate the remainder when 5484 is divided by 459.
435
What is the remainder when 164 is divided by 83?
81
What is the remainder when 234 is divided by 82?
70
What is the remainder when 33 is divided by 12?
9
Calculate the remainder when 7864 is divided by 25.
14
What is the remainder when 389 is divided by 88?
37
What is the remainder when 713 is divided by 178?
1
What is the remainder when 4156 is divided by 231?
229
Calculate the remainder when 886 is divided by 6.
4
Calculate the remainder when 110 is divided by 54.
2
Calculate the remainder when 625 is divided by 308.
9
What is the remainder when 6658 is divided by 3327?
4
Calculate the remainder when 585 is divided by 300.
285
Calculate the remainder when 292 is divided by 14.
12
What is the remainder when 234 is divided by 7?
3
What is the remainder when 358 is divided by 18?
16
What is the remainder when 328 is divided by 48?
40
Calculate the remainder when 527 is divided by 16.
15
Calculate the remainder when 301 is divided by 79.
64
What is the remainder when 4597 is divided by 104?
21
What is the remainder when 786 is divided by 157?
1
What is the remainder when 285 is divided by 